by 310?
179
What is the remainder when 5943 is divided by 1952?
87
Calculate the remainder when 5038 is divided by 381.
85
Calculate the remainder when 121378 is divided by 1020.
1018
Calculate the remainder when 115330 is divided by 33.
28
Calculate the remainder when 9315 is divided by 925.
65
Calculate the remainder when 85173 is divided by 85142.
31
What is the remainder when 59464 is divided by 37?
5
What is the remainder when 735 is divided by 678?
57
Calculate the remainder when 20937 is divided by 5148.
345
What is the remainder when 5470 is divided by 5432?
38
Calculate the remainder when 40372 is divided by 408.
388
What is the remainder when 39753 is divided by 143?
142
Calculate the remainder when 998 is divided by 21.
11
Calculate the remainder when 81390 is divided by 407.
397
Calculate the remainder when 5076 is divided by 432.
324
Calculate the remainder when 36658 is divided by 131.
109
Calculate the remainder when 7149 is divided by 6972.
177
What is the remainder when 7557856 is divided by 99?
97
Calculate the remainder when 119751 is divided by 1393.
1346
Calculate the remainder when 994013 is divided by 966.
965
Calculate the remainder when 271250 is divided by 9.
8
Calculate the remainder when 4386 is divided by 1086.
42
Calculate the remainder when 70816 is divided by 5056.
32
What is the remainder when 606906 is divided by 101?
98
What is the remainder when 24119 is divided by 524?
15
Calculate the remainder when 3279463 is divided by 196.
187
What is the remainder when 3848 is divided by 1159?
371
What is the remainder when 1864 is divided by 401?
260
Calculate the remainder when 30190 is divided by 23.
14
What is the remainder when 20631 is divided by 27?
3
What is the remainder when 36055 is divided by 2?
1
Calculate the remainder when 8134 is divided by 240.
214
What is the remainder when 22049 is divided by 63?
62
Calculate the remainder when 513608 is divided by 15.
8
Calculate the remainder when 82457 is divided by 27455.
92
What is the remainder when 85792 is divided by 28576?
64
What is the remainder when 55899 is divided by 674?
631
Calculate the remainder when 196580 is divided by 2341.
2277
Calculate the remainder when 35475 is divided by 11823.
6
What is the remainder when 3356 is divided by 106?
70
Calculate the remainder when 8449 is divided by 7.
0
What is the remainder when 7292 is divided by 163?
120
What is the remainder when 1002 is divided by 182?
92
What is the remainder when 2416 is divided by 120?
16
Calculate the remainder when 178362 is divided by 89179.
4
Calculate the remainder when 281404 is divided by 9380.
4
Calculate the remainder when 584 is divided by 69.
32
Calculate the remainder when 2134 is divided by 7.
6
Calculate the remainder when 351290 is divided by 124.
122
Calculate the remainder when 10122 is divided by 1209.
450
What is the remainder when 2849 is divided by 5?
4
Calculate the remainder when 1566 is divided by 129.
18
Calculate the remainder when 25054 is divided by 24.
22
Calculate the remainder when 66017 is divided by 504.
497
Calculate the remainder when 83118 is divided by 238.
56
What is the remainder when 48071 is divided by 8?
7
Calculate the remainder when 202737 is divided by 792.
777
Calculate the remainder when 3442 is divided by 909.
715
Calculate the remainder when 62137 is divided by 212.
21
Calculate the remainder when 66149 is divided by 298.
291
What is the remainder when 1447 is divided by 103?
5
What is the remainder when 156930 is divided by 329?
326
Calculate the remainder when 2568 is divided by 808.
144
Calculate the remainder when 53832 is divided by 64.
8
What is the remainder when 138493 is divided by 541?
538
What is the remainder when 4734 is divided by 604?
506
What is the remainder when 1070 is divided by 79?
43
Calculate the remainder when 30460 is divided by 30447.
13
What is the remainder when 5539445 is divided by 49?
44
Calculate the remainder when 1603809 is divided by 939.
936
Calculate the remainder when 3083 is divided by 176.
91
Calculate the remainder when 21314 is divided by 64.
2
What is the remainder when 3175 is divided by 31?
13
What is the remainder when 1744 is divided by 88?
72
Calculate the remainder when 11068 is divided by 11051.
17
Calculate the remainder when 28941 is divided by 5.
1
What is the remainder when 7468 is divided by 115?
108
What is the remainder when 10253 is divided by 8?
5
Calculate the remainder when 9038 is divided by 2253.
26
Calculate the remainder when 19500 is divided by 72.
60
Calculate the remainder when 39173 is divided by 173.
75
What is the remainder when 8732 is divided by 2149?
136
What is the remainder when 13553 is divided by 4504?
41
Calculate the remainder when 7020 is divided by 2302.
114
What is the remainder when 499 is divided by 32?
19
Calculate the remainder when 19520 is divided by 1373.
298
What is the remainder when 3172 is divided by 24?
4
Calculate the remainder when 1726 is divided by 241.
39
Calculate the remainder when 1093013 is divided by 385.
383
What is the remainder when 1259 is divided by 59?
20
What is the remainder when 4491 is divided by 2242?
7
Calculate the remainder when 7638 is divided by 1475.
263
Calculate the remainder when 127294 is divided by 2316.
2230
Calculate the remainder when 154295 is divided by 17.
3
What is the remainder when 4483 is divided by 392?
171
What is the remainder when 22328 is divided by 224?
152
What is the remainder when 195136 is divided by 519?
511
What is the remainder when 413380 is divided by 413368?
12
What is the remainder when 2766 is divided by 552?
6
Calculate the remainder when 35772 is divided by 13.
9
What is the remainder when 359097 is divided by 19?
16
Calculate the remainder when 211459 is divided by 534.
529
Calculate the remainder when 1757 is divided by 41.
35
Calculate the remainder when 429674 is divided by 9142.
0
Calculate the remainder when 120695 is divided by 188.
187
What is the remainder when 165872 is divided by 55?
47
What is the remainder when 170029 is divided by 6?
1
What is the remainder when 26227 is divided by 37?
31
Calculate the remainder when 22916 is divided by 11421.
74
Calculate the remainder when 722 is divided by 212.
86
Calculate the remainder when 8978 is divided by 43.
34
Calculate the remainder when 1785 is divided by 54.
3
Calculate the remainder when 20520 is divided by 1571.
97
Calculate the remainder when 71849 is divided by 44.
41
Calculate the remainder when 10345 is divided by 319.
137
What is the remainder when 838493 is divided by 419245?
3
Calculate the remainder when 28846 is divided by 4804.
22
Calculate the remainder when 4560 is divided by 381.
369
What is the remainder when 22182 is divided by 126?
6
Calculate the remainder when 193749 is divided by 26.
23
Calculate the remainder when 112019 is divided by 1179.
14
Calculate the remainder when 156185 is divided by 154.
29
Calculate the remainder when 7267 is divided by 184.
91
What is the remainder when 19259 is divided by 1595?
119
What is the remainder when 12817 is divided by 49?
28
Calculate the remainder when 41326 is divided by 82.
80
What is the remainder when 22434 is divided by 2038?
16
What is the remainder when 2737 is divided by 438?
109
Calculate the remainder when 6528 is divided by 11.
5
What is the remainder when 2917 is divided by 933?
118
What is the remainder when 1136698 is divided by 100?
98
Calculate the remainder when 260330 is divided by 145.
55
Calculate the remainder when 376704 is divided by 23540.
64
What is the remainder when 3308 is divided by 483?
410
What is the remainder when 892 is divided by 864?
28
Calculate the remainder when 299545 is divided by 53.
42
Calculate the remainder when 5451 is divided by 49.
12
What is the remainder when 4324 is divided by 139?
15
What is the remainder when 11879 is divided by 20?
19
Calculate the remainder when 39741 is divided by 750.
741
Calculate the remainder when 684303 is divided by 304.
303
Calculate the remainder when 115 is divided by 24.
19
Calculate the remainder when 3244 is divided by 110.
54
What is the remainder when 10988 is divided by 498?
32
Calculate the remainder when 631227 is divided by 36.
3
Calculate the remainder when 46708 i